{"id":8,"date":"2012-06-05T12:33:56","date_gmt":"2012-06-05T12:33:56","guid":{"rendered":"http:\/\/jobarat.zug.hu\/?page_id=8"},"modified":"2025-05-10T14:00:53","modified_gmt":"2025-05-10T12:00:53","slug":"bemutatkozas","status":"publish","type":"page","link":"http:\/\/jobarat.zsombo.hu\/?page_id=8","title":{"rendered":"T\u00f6rt\u00e9net\u00fcnk"},"content":{"rendered":"<p>Az \u00e9tterem jelenlegi hely\u00e9n m\u00e1r el\u00e9g r\u00e9g\u00f3ta \u00fczemelt a 2009-es \u00e9v elej\u00e9ig Polg\u00e1r Party Service n\u00e9ven ismertt\u00e9 v\u00e1lt c\u00e9g, amely f\u0151k\u00e9nt kitelep\u00fcl\u00e9sekkel, c\u00e9ges rendezv\u00e9nyek lebonyol\u00edt\u00e1s\u00e1val foglalkozott. A helyi \u00e9ttermet h\u00e1tt\u00e9rbe szor\u00edtotta, nem fejlesztette a c\u00e9g. Ekkor a vezet\u0151 Polg\u00e1r K\u00e1lm\u00e1n \u00dar sajn\u00e1latos hal\u00e1la miatt bez\u00e1rt az \u00fczlet \u00e9s az el\u00e9gg\u00e9 leharcolt ingatlant elad\u00e1sra k\u00edn\u00e1lt\u00e1k. A helyi \u00f6nkorm\u00e1nyzat n\u00e9mi tanakod\u00e1s ut\u00e1n \u00fagy d\u00f6nt\u00f6tt, mivel nem volt megoldva a k\u00f6z\u00e9tkeztet\u00e9s a k\u00f6zs\u00e9gben, hogy megv\u00e1s\u00e1rolja az \u00e9ttermet, fel\u00faj\u00edtja \u00e9s keres egy olyan b\u00e9rl\u0151t, aki hossz\u00fat\u00e1von \u00fczemeltetn\u00e9 \u00e9s megoldan\u00e1 a falu apraja \u00e9s nagyja kultur\u00e1lt kiszolg\u00e1l\u00e1s\u00e1t napr\u00f3l napra.<\/p>\n<p>\u00dagy d\u00f6nt\u00f6tt\u00fcnk, megp\u00e1ly\u00e1zzuk az \u00fczemeltet\u00e9st, mivel a szomsz\u00e9d k\u00f6zs\u00e9gben, Bord\u00e1nyban m\u00e1r 15 \u00e9ve hasonl\u00f3 form\u00e1ban m\u0171k\u00f6dtetj\u00fck a Vadgesztenye Vend\u00e9gl\u0151t. A k\u00e9pvisel\u0151 test\u00fclet \u00fagy d\u00f6nt\u00f6tt, hogy ez a referencia nekik megfelel \u00e9s minket v\u00e1lasztott.<\/p>\n<p>2009 nyar\u00e1n megkezd\u0151dtek a fel\u00faj\u00edt\u00e1si munk\u00e1k \u00e9s okt\u00f3berben m\u00e1r birtokba is vehett\u00fck a meg\u00fajult l\u00e9tes\u00edtm\u00e9nyt. Ez\u00f3ta v\u00e1rjuk kedves vend\u00e9geinket b\u0151s\u00e9ges \u00e9tlappal, szolid \u00e1rakkal.<\/p>\n<p>2025-t\u0151l a Roletti 23 Kft. \u00fczemelteti az egys\u00e9get.<\/p>\n<p>Kisebb csal\u00e1di rendezv\u00e9nyek lebonyol\u00edt\u00e1s\u00e1t is v\u00e1llaljuk helyben kb. 120 f\u0151ig, kitelep\u00fclve ak\u00e1r 400 f\u0151ig.<\/p>\n<p>C\u00edm:<br>\nJ\u00f3bar\u00e1t Vend\u00e9gl\u0151, Zsomb\u00f3, Andr\u00e1ssy \u00fat 71.<\/p>\n<p>El\u00e9rhet\u0151s\u00e9g:<\/p>\n<p>\u00c9tterem: 06 62\/255-302, mobil: 06-30\/973-52-31<\/p>\n\n\n<p>Email:jobarat.zsombo@gmail.com<\/p>\n","protected":false},"excerpt":{"rendered":"<p>Az \u00e9tterem jelenlegi hely\u00e9n m\u00e1r el\u00e9g r\u00e9g\u00f3ta \u00fczemelt a 2009-es \u00e9v elej\u00e9ig Polg\u00e1r Party Service n\u00e9ven ismertt\u00e9 v\u00e1lt c\u00e9g, amely f\u0151k\u00e9nt kitelep\u00fcl\u00e9sekkel, c\u00e9ges rendezv\u00e9nyek lebonyol\u00edt\u00e1s\u00e1val foglalkozott. A helyi \u00e9ttermet h\u00e1tt\u00e9rbe szor\u00edtotta, nem fejlesztette a c\u00e9g. Ekkor a vezet\u0151 Polg\u00e1r K\u00e1lm\u00e1n \u00dar sajn\u00e1latos hal\u00e1la miatt bez\u00e1rt az \u00fczlet \u00e9s az el\u00e9gg\u00e9 leharcolt ingatlant elad\u00e1sra k\u00edn\u00e1lt\u00e1k. A [&hellip;]<\/p>\n","protected":false},"author":1,"featured_media":0,"parent":0,"menu_order":0,"comment_status":"open","ping_status":"open","template":"","meta":[],"_links":{"self":[{"href":"http:\/\/jobarat.zsombo.hu\/index.php?rest_route=\/wp\/v2\/pages\/8"}],"collection":[{"href":"http:\/\/jobarat.zsombo.hu\/index.php?rest_route=\/wp\/v2\/pages"}],"about":[{"href":"http:\/\/jobarat.zsombo.hu\/index.php?rest_route=\/wp\/v2\/types\/page"}],"author":[{"embeddable":true,"href":"http:\/\/jobarat.zsombo.hu\/index.php?rest_route=\/wp\/v2\/users\/1"}],"replies":[{"embeddable":true,"href":"http:\/\/jobarat.zsombo.hu\/index.php?rest_route=%2Fwp%2Fv2%2Fcomments&post=8"}],"version-history":[{"count":10,"href":"http:\/\/jobarat.zsombo.hu\/index.php?rest_route=\/wp\/v2\/pages\/8\/revisions"}],"predecessor-version":[{"id":1787,"href":"http:\/\/jobarat.zsombo.hu\/index.php?rest_route=\/wp\/v2\/pages\/8\/revisions\/1787"}],"wp:attachment":[{"href":"http:\/\/jobarat.zsombo.hu\/index.php?rest_route=%2Fwp%2Fv2%2Fmedia&parent=8"}],"curies":[{"name":"wp","href":"https:\/\/api.w.org\/{rel}","templated":true}]}}